t m(j) = j - 9. Let z be m(12). Suppose r - 4*b - 152 = -r, -z*r = b - 256. What is the units digit of r?
4
Let o(x) = -2*x - 4. Let y be o(-3). Suppose 4*t = -4*h, -t = y*h - 0 - 2. Suppose h = 5*w - 4*w. What is the units digit of w?
2
Suppose 63*s + 130720 = 101*s. What is the hundreds digit of s?
4
Suppose 19 = q - 15. Suppose -3*g + c = -178, -2*g - 4*c + 176 = q. What is the tens digit of g?
6
Suppose -817 - 1647 = -16*o. What is the hundreds digit of o?
1
Let g = -2130 - -4175. What is the units digit of g?
5
Let o = 0 - 10. Let d(v) = 0*v - 11*v + v**3 + 9*v + 9*v + 11*v**2 - 8. What is the units digit of d(o)?
2
Let k = 334 - 52. What is the tens digit of k?
8
Suppose 2*d - 3*b - 21 = -3*d, 0 = 3*d - 3*b - 9. What is the tens digit of (-5)/(-15) + 76/d?
1
Suppose -2*g + g = -23. Let z(s) = s + 13. Let x be z(-10). Suppose -x*v = g - 95. What is the tens digit of v?
2
Suppose -k + n + 952 = 0, 2*k - 1946 + 50 = 4*n. What is the hundreds digit of k?
9
Let f(c) = 39*c**3 - 2*c**2 + 3*c - 4. What is the units digit of f(2)?
6
Let a = 28 + -28. Suppose -3*u - 3 + 12 = 0. Suppose -2*n + 21 = -a*t + 5*t, 3*t = u*n. What is the units digit of n?
3
Let y(p) be the second derivative of p**3/3 + 6*p**2 - p. Let n(j) = j**2 - 13*j - 59. Let r be n(17). What is the tens digit of y(r)?
3
Suppose 20*s - 38*s = -58104. What is the tens digit of s?
2
Suppose f + 1 = -o, 0 = f - 3 + 5. Let s(u) = 23*u**2 + 2*u - 1. What is the units digit of s(o)?
4
Suppose 0*t + 2*t = 62. Let q = 19 - t. What is the units digit of (-56)/q*(-3)/(-2)?
7
Let v = -4381 + 8680. What is the hundreds digit of v?
2
Let d be 1/(-4) - ((-52)/16 + -1). Let j(g) = g**3 - 4*g**2 + 11*g - 6. What is the tens digit of j(d)?
3
Let g(w) = w**2 + 9*w + 2. Let r be g(-11). Suppose -r = 3*p - 69. What is the tens digit of p?
1
Let h(o) = -11*o**3 + 31*o**2 + 2*o - 2. What is the hundreds digit of h(-4)?
1
Let v(q) = -q**3 - 5*q**2 - q - 2. Let x be v(-5). Let g be -3*(x - 14/3). Suppose 73 = 3*z + 5*j, -7*j = -g*z - 3*j + 60. What is the units digit of z?
6
Let w = -8 + 11. Suppose 0 + 8 = y + 2*k, 2*k = w*y - 56. What is the units digit of y?
6
Suppose -5*c = l - 13, 5*l + c + c = -4. Let v be (-2)/((-1)/l*-2). Suppose 8 = v*k - 6. What is the units digit of k?
7
Let b(c) = -c**3 + 13*c**2 + 14*c + 110. What is the thousands digit of b(-11)?
2
Let g(z) = -746*z + 33. What is the tens digit of g(-2)?
2
Suppose 4*l + m = 4620, -5*l = -4*m - 3333 - 2463. What is the units digit of l?
6
Suppose -2*o + 2*j = 5*j - 57, 2 = -2*j. Let x be 1/(-5) - (-1026)/o. Let z = x - 19. What is the units digit of z?
5
Let j(l) = -l**2 - 6*l - 3. Let b be j(-5). Suppose -q = b*q - 360. Suppose -2*k + q = 3*k. What is the units digit of k?
4
Suppose 0 = -2*t + 5*p + 4144, 4*t - p = 8435 - 129. What is the units digit of t?
7
Suppose 7 = 3*a - 5, 3*k - 686 = 4*a. What is the tens digit of (k/(-18))/(2/(-4))?
2
Let p = -7 + 9. Suppose 4*c = p*z - 66, -3*c + 65 + 23 = 4*z. What is the tens digit of z?
2
Suppose -2*l - 2*l - h + 2088 = 0, 3*h = -2*l + 1044. What is the tens digit of l?
2
Suppose -60*p = -56*p + 24. What is the hundreds digit of (-4)/p + (-884)/(-6)?
1
Let i(n) = -4*n**2 + 21*n - 36. Let a(u) = -u**2 + 5*u - 9. Let h(m) = -9*a(m) + 2*i(m). What is the tens digit of h(-5)?
4
Suppose 5*r = -p - 17 + 64, 0 = -p - r + 67. Suppose -4*i + 4*b = -p, 2*i = 5*b + 25 + 17. Suppose -3*g + 4*g = i. What is the tens digit of g?
1
Suppose 4*t = 2*i + 32, -5*t + 7*i + 38 = 5*i. Let p(f) = -f**3 + 5*f**2 + 8*f + 12. What is the units digit of p(t)?
4
Let m = -91 - -70. Let f = m - -200. What is the tens digit of f?
7
Let w be (2 - (1 + -1))/(36/1512). Let j = -81 + w. What is the units digit of j?
3
Let n(w) = 2*w - 8. Let d be n(4). Suppose -6*o + d*o = -420. What is the tens digit of o?
7
Let y = 5936 + -3085. What is the units digit of y?
1
Suppose 91 = 7*j - 3192. What is the tens digit of j?
6
Suppose 0 = 31*o - 9467 - 14093. What is the hundreds digit of o?
7
What is the units digit of 2104 - (13 - 18)/(5/(-6))?
8
What is the hundreds digit of (39/6 + -4)*150/1?
3
Suppose 4 = -h + 6. What is the tens digit of -9*h*(-20)/8?
4
Let w(d) = 5*d**2 + 8*d + 3. Let t be w(-3). Let a = -24 + t. What is the units digit of -1 - (2 + a - 43)?
0
Let r be (1 - 2)/((-2)/(-4)). Let q = 170 - r. What is the hundreds digit of q?
1
Suppose -186 = -3*a + 3*u, -a + u = -2*a + 66. Let v = -7 - -27. Suppose f + v = a. What is the units digit of f?
4
What is the hundreds digit of (12 - (-8 + 15)) + 871?
8
Suppose -3*d = d. Let u = d - -1. What is the tens digit of (-2 - -4)/(u/8)?
1
Let y = -16 - -24. Suppose 25 = y*v - 3*v. Suppose 16 = 2*n - o, -v*n + 4*o + 34 = -0*o. What is the tens digit of n?
1
Let z(k) = -2*k - 1. Let m be z(-2). Suppose 0 = 5*y + 2*f - 242, 0*f = -m*f - 12. Suppose -46 - y = -4*q. What is the tens digit of q?
2
Let v = -86 - -195. Suppose -i + 33 + v = 0. What is the tens digit of i?
4
What is the tens digit of 155 - -2 - (-4 + 7)?
5
What is the tens digit of 8/(-1) - 49/((-784)/45600)?
4
Suppose -2 = 3*z - 5. Let h = z - -3. Suppose k + 51 = h*j, -j - 2*k = -6 - 18. What is the tens digit of j?
1
Suppose q - 23 = p, -3*p + 74 = -7*p - 5*q. Let r = p + 57. What is the units digit of r?
6
Suppose 0 = 4*j - 3*j - 5. Suppose j*q = 4*c + 184, 3*q = -4*c - 15 + 151. What is the tens digit of q?
4
Let j(a) be the first derivative of -9*a**2/2 - 36*a + 8. What is the tens digit of j(-15)?
9
Let o = 3756 + -1690. What is the hundreds digit of o?
0
Let l = 7 - 4. Suppose 0*p = -3*p + 4*v + 581, 0 = p - l*v - 192. What is the units digit of p/4 - 10/(-40)?
9
Suppose -3*n = -219 - 201. Suppose 2*r - 4*j - 90 = 0, r + n = 4*r - j. What is the tens digit of r?
4
Suppose -100*k = -99*k - 379. What is the hundreds digit of k?
3
Let f(c) = 4*c**2 + 2*c + 4. Let m(j) be the second derivative of j**3/3 - 7*j**2 + 2*j. Let r be m(6). What is the tens digit of f(r)?
1
Suppose -134*q + 11610 = -125*q. What is the thousands digit of q?
1
Suppose 2*q - 5 = -1. Suppose q*b = 4*b - 8. Suppose 0*m + 84 = b*m. What is the tens digit of m?
2
Suppose 0 = -l + 4*b + 1968, 12*l + 5*b + 9870 = 17*l. What is the thousands digit of l?
1
Let p(z) = -2*z**2 + 50*z + 3. Let d be p(25). What is the tens digit of ((-12)/d)/(((-4)/28)/1)?
2
Let n = 316 - -307. What is the hundreds digit of n?
6
What is the tens digit of 11/(330/12)*205?
8
Let x(m) = -6*m**2 - 7*m. Let f be x(-5). Suppose -3*j = -5*i + 2*j - 220, 5*j + 50 = -i. Let d = i - f. What is the units digit of d?
0
Let u be (2/(-1))/(2/(-72)). Suppose 2*g = 4*k - 2*k - u, 0 = -k - 2*g + 21. What is the units digit of k?
1
What is the tens digit of 1719 + 67 + -7*1?
7
Let i be (0 - 2)/((-4)/(-20)). Let c = -11 - i. Let u(s) = -15*s. What is the tens digit of u(c)?
1
Let i(q) = 15*q**2 + 4*q - 1. What is the tens digit of i(-1)?
1
Let o = -1 + -2. Let j = 5 + o. Suppose j*c = 3*c - 2. What is the units digit of c?
2
Suppose -4*l + 112 = 112. What is the hundreds digit of 174 + l/(24/(-6))?
1
Let q(l) = -l**2 + 27*l - 43. What is the tens digit of q(22)?
6
What is the units digit of (-1405 + -2 + 1)/(46 - 48)?
3
Let s(g) = -5*g**3 + 2*g**2 + 10*g - 43. What is the tens digit of s(-7)?
0
Let q(z) = -2*z**2 + 14*z - 20. Let b(u) = -3*u**2 + 14*u - 21. Let j(t) = 3*b(t) - 4*q(t). What is the tens digit of j(-8)?
6
Let c = -372 - -1042. What is the hundreds digit of c?
6
Let w(a) = 4*a**2 + 25*a + 22. What is the tens digit of w(-10)?
7
Let j = -33 - -32. What is the tens digit of 66 + (1 + j)/2?
6
Let r = -304 - -559. Let h = r + -164. What is the tens digit of h?
9
Let k be 1*2*(-14)/(-4). Suppose 11 = 3*z + 5*w, -5*z - 3*w + 6 = -k. Suppose -r = -3*u - 15, z*r - 2 = u + 8. What is the units digit of r?
3
Let k be -6*((-1 - -3) + -1). Let l be (-2 + k - 1) + -3. Let g(y) = y**3 + 12*y**2 - 2*y - 9. What is the units digit of g(l)?
5
Suppose -6 - 36 = 3*i. Let d be (-424)/14 + (-4)/i. What is the units digit of (-12)/d - (-13)/5?
3
Suppose 757 = 5*k - 2*b, -4*b + 106 + 369 = 3*k. What is the tens digit of k?
5
Suppose 18*k - 2*t = 23*k - 18118, 2*k + t - 7248 = 0. What is the tens digit of k?
2
Let i(o) = 4*o**2 + 10*o + 3. Let b be i(-2). What is the hundreds digit of (3/((-15)/815))/b?